-f - 4. Let v(n) = 4*n + 6*n**2 - 13*n**2 + 8*n**2 - 3. What is v(p)?
-3
Let i(u) = -u**3 - 9*u**2 + 10*u + 19. Let p be i(-10). Let k(q) = p*q - 8 + 16 - 18*q. Let t be (11 + 3)*3/(-6). Calculate k(t).
1
Let v(j) = -2*j**3 - 20*j**2 - 42*j + 3. Let z be v(-7). Let g(q) = -2*q - 2. Give g(z).
-8
Let q(d) be the third derivative of 0 + 1/6*d**3 - 3*d**2 - 7/24*d**4 + 0*d. Suppose -40*f + 14 = -26. Calculate q(f).
-6
Let u(w) = 3 + 316*w**2 + w - 6*w - 317*w**2. Calculate u(-4).
7
Let g(d) = d**2 - 4*d + 4. Let b be g(3). Let u(n) = 0 - 4*n**3 - 15*n + 1 + 24*n - 11*n. What is u(b)?
-5
Let k(w) = w**3 + 15*w**2 - 16*w + 9. Let l be k(-16). Let h(p) = 5*p - 8. Let r(a) = 6*a - 8. Let j = -5 + 10. Let d(f) = j*h(f) - 4*r(f). Determine d(l).
1
Let o(x) be the third derivative of 0 - 3*x**3 + 1/60*x**5 - 1/120*x**6 + 1/24*x**4 + 0*x - 12*x**2. What is o(0)?
-18
Let k(v) = -v**3 + 4. Let g(r) = 3*r**3 + 4*r**2 + 7*r - 26. Let w(o) = -g(o) - 4*k(o). Give w(4).
-18
Let x(y) = -3*y**2 - 4*y - 5. Let g(w) = w**2 + w + 1. Let q(a) = 4*g(a) + x(a). Determine q(4).
15
Suppose -4*o - 5 = -21, -j + 2*o = 13. Let m(t) = -t**2 - 6*t. Calculate m(j).
5
Let c(k) be the second derivative of -k**4/12 + 3*k**3/2 + 2*k**2 - 990*k. Give c(10).
-6
Let j(q) = -q**2 + q + 4. Let o be (0/(4/16*4))/3. Give j(o).
4
Let u(l) = 4*l**2. Suppose -3*x + 10 - 2 = 2*i, 6 = -4*i + 5*x. Calculate u(i).
4
Suppose 4*p - 6 = -2*r, -5*p - 6*r = -r - 5. Let d(s) = -4*s + 32. Let a be d(6). Let t(x) = -3*x + 23*x**2 - 1 + p*x - a*x**2. Determine t(-1).
15
Let y(z) = -z + 29. Let s be y(26). Let f(n) = -n**3 + 3*n**2 + 0*n**2 + 5*n - 10*n + 2*n**s - 4. Calculate f(-3).
11
Suppose 0 = 2*y + 1 - 5. Suppose -3*r + 27 - 12 = 0. Let n(u) = -r*u**2 + 8*u**y - u**3 + u**2. Determine n(4).
0
Let z be (0 - (-8)/5)/((-4)/(-10)). Let u(a) = 2*a**2 - 9*a. Let m be u(z). Let j(h) = h**3 + 3*h**2 - 4*h - 1. What is j(m)?
-1
Let q(a) = 10*a. Let w(t) = -5*t + 59. Let y be w(12). Calculate q(y).
-10
Suppose 3*o + t - 12 = 0, -9 = -3*o - 4*t + 12. Let r(x) = 4*x - o*x - x - x**2 + x**3 - 3 - 3*x. Let z(k) = -k**2 + 8*k - 9. Let q be z(6). What is r(q)?
6
Suppose 5*b - 268 = 192. Let j be b/115 - 4/5. Let v(h) = h**2 - h + 11. Determine v(j).
11
Suppose 5*f - 7 = -17. Let x be (f + 8)/(2/((-8)/(-6))). Let u(j) = -2*j - j + 3 + 4*j. Calculate u(x).
7
Let i(a) be the third derivative of -5*a**4/24 + a**3/6 + 138*a**2. Give i(3).
-14
Let r(j) = 2*j**3 - 7*j - j**3 - 4 + 5 - 4*j**2. Suppose -20*z + 746 = 646. What is r(z)?
-9
Let v(p) be the second derivative of -p**8/6720 + p**7/504 - p**6/240 + p**5/24 - 3*p**4/4 - 3*p. Let w(c) be the third derivative of v(c). What is w(5)?
-10
Let f(k) = 4*k + 0*k + 12 + 2*k - 13. What is f(-2)?
-13
Let n(i) = 5*i**3 - 2*i**2 + 2*i + 45. Let y(s) = -2*s**3 + s**2 - s - 22. Let x(v) = 3*n(v) + 7*y(v). Determine x(0).
-19
Let u(g) = -3*g. Let l = 1257 + -1269. Determine u(l).
36
Let n(m) = -3*m**2 + 3*m + 7. Suppose -6*t - 64 + 82 = 0. Determine n(t).
-11
Let b(m) be the third derivative of m**5/10 + m**4/24 - 283*m**2. Determine b(1).
7
Let i(t) = 11*t + 1. Let z(u) be the third derivative of -15*u**4/8 - 5*u**3/6 + 14*u**2. Let j(n) = 9*i(n) + 2*z(n). Give j(1).
8
Suppose -574*t + 632*t = -232. Let b(m) = -3 - m**2 + 0*m**2 - 1 - 7*m. Calculate b(t).
8
Let m(k) = -k**3 + 4*k**2 + 1. Let a(i) = -i - 1. Let h(y) = 4*a(y) - m(y). What is h(5)?
0
Suppose 2*d - 5*k - 11 = 0, -4*d + 60 = -9*d - 5*k. Let g(w) = w**3 + 8*w**2 + 5*w - 10. Determine g(d).
4
Let l(a) = a**2 - 3*a + 1. Suppose 2*m + 4 = -0*m, -2*z = m + 118. Let f = z + 20. Let i be (-9)/12 + f/(-8). Determine l(i).
5
Let x(n) = -17 + 11*n - 29 + 21 - 30 - 24. Give x(7).
-2
Let v(r) = 3 + 4*r**3 - 5*r**2 + r**3 - 6*r**3 + 7*r. Let i(y) = -y**2 + 17*y + 1. Let h be i(16). Suppose 3*l + h + 1 = 0. Give v(l).
-3
Let a(k) = -4*k**3 + 6*k**2 + 10 - 2*k - 12 - 2*k**3 + k**3. Let t(i) = -6*i**3 + 7*i**2 - 3*i - 3. Let c(s) = -5*a(s) + 4*t(s). Calculate c(-2).
-14
Let n(u) = u**2 + 3*u + 4. Let f be n(-3). Suppose -20 = q + f*q. Let w = 3 + q. Let k(v) = 3*v**2. Determine k(w).
3
Let c(y) = -6*y - 184. Let g be c(-30). Let a(l) = 2*l**2 - 4*l**2 + 2*l**2 - 2 - 2*l - l**2. Calculate a(g).
-10
Suppose 0 = 10*m - 14*m + 8. Suppose -4 + 8 = -m*v. Let l(a) = 3*a. Determine l(v).
-6
Suppose -172 = -41*b - 8. Let r(f) = -f**2 + 5*f - 8. What is r(b)?
-4
Let g(o) = -o + 17. Let v be 28/3 - (-2)/(-6). Suppose 2*x - v = 9. Determine g(x).
8
Let z(r) = r**3 + 2*r**2 + 3*r + 3. Let v be 3/(-5) + 565/25. Let y = v + -24. Give z(y).
-3
Suppose -5*y + 4 = -4*y. Suppose -m + y = m. Let k(b) = -b + m + 2 - 2. Calculate k(-4).
6
Let l(w) = w - 1 + 12*w**3 - w - 2*w**2 - 15*w**3 - 2*w. Let x be 2/(-7) + 46/14. Suppose 4*h + 5*y = -4, -x*y + 4*y = 4*h + 4. Calculate l(h).
2
Let d(r) be the first derivative of -r**3/3 + 3*r**2 - 7*r - 2. Let m(j) = -247*j + 6. Let n be m(0). Give d(n).
-7
Let c = -94 - -135. Suppose f + 39 = c. Let b(v) be the third derivative of v**5/60 + v**4/8 - v**3/6 + v**2. Give b(f).
9
Let f(b) = 0*b + 228*b**2 - 226*b**2 - b + b**3. Calculate f(-2).
2
Let t(h) = -h**2 - 3*h + 2. Let c = 1 - -3. Suppose -g + 5*z = 3*g - 40, 3*z = c*g - 32. Suppose -i = 3*w + 9, 7 = -2*i + 3*i - g*w. Determine t(i).
2
Let d(s) be the first derivative of 10*s**3/3 + s + 27. Let j be 1 - (12/4 + -3). Determine d(j).
11
Let l(q) = -3*q**2 - q. Let a(h) = -2*h - 1. Let z be a(-2). Suppose 4*j + 2*b = 12, -4*j + z*b - 2*b = 0. Suppose -3*r + 4*r + j = 0. Calculate l(r).
-2
Suppose -7*n + 6 = -4*n. Let q(p) = 17*p - 2 + 1 - 6*p**2 + 7*p**n. Let a be q(-17). Let g(m) = 9*m**3 + m**2. Give g(a).
-8
Suppose -5*v = -2*g - 4 - 7, g = -3*v. Let h(q) = q**2 - 3*q**2 + 4*q + q + 2*q - v. Determine h(5).
-16
Let h(m) = m**3 - 5*m**2 + 3*m + 3. Let r = 7 - 10. Let v(n) = -2*n + 1. Let c be v(r). Suppose -c*o = -9*o + 6. Determine h(o).
-6
Let c(r) = -r - 7. Suppose 11*p = 10*p + 5. Let d be (1 + -1 + (-16)/10)*p. Determine c(d).
1
Suppose -j - 3*n + 6 = -5*n, 5*n + 15 = j. Suppose i - 11 = -j*i. Let a(p) = -1 + i*p**2 + 1 - 12*p**2 + 7*p. Calculate a(6).
6
Let z(f) = f - 19. Let v be z(17). Let i(x) = -3*x**2 - 18*x - 27. Let j(h) = -h**2 - 6*h - 9. Let b(k) = v*i(k) + 7*j(k). Calculate b(-6).
-9
Let g(a) = -19 - 787*a + 9*a**2 + 787*a - 7*a**3. Let q(x) = 10*x**3 - 14*x**2 + 28. Let f(s) = 7*g(s) + 5*q(s). Calculate f(7).
7
Let p(a) = 37*a - 9. Let h(w) = -117*w + 28. Let b(o) = 6*h(o) + 19*p(o). Give b(2).
-1
Suppose 602 - 666 = -8*v. Let b(h) = -5*h + 38. Give b(v).
-2
Suppose 0 = -2*i - 9*i - 44. Let o(l) = 2*l + 7. Give o(i).
-1
Let v(g) = -3*g + 2. Let d(u) = 17*u - 8. Let m(t) = d(t) + 5*v(t). Calculate m(-7).
-12
Let f(b) = b**3 + 4*b**2 - 7*b - 4. Let c be f(-5). Suppose 4*w = 7*w - c. Let z(x) = -2*x**2 + x**w - 3 + 5*x - 1. Give z(5).
-4
Let f = -18 + 20. Let c be 207/18 + f/(-4). Let p(k) = -7*k - 3*k - c*k - 1 + 20*k. Give p(5).
-6
Let f = -717 + 717. Let q(b) = 2*b + 39. What is q(f)?
39
Let r(g) = 3 - 14 + 7 + 5. Let k(p) be the first derivative of 4*p**2 + 4*p - 3. Let x(u) = k(u) - 4*r(u). Give x(-2).
-16
Let l(d) be the first derivative of 17*d**2/2 - d + 138. Calculate l(1).
16
Suppose -h - 12 = 3*c, -h + 2 = -5*c - 2. Let g = -8 + 11. Let f(m) = 7*m - 8*m - 3 + m**g - 35*m**2 + 41*m**2. Calculate f(h).
3
Let i(b) = -b**2 + 9*b - 5. Let r be 36 + -25 - (5/1 + 0). Calculate i(r).
13
Suppose 2*p + 17 = 5*c, -7*p = -6*p - 4*c + 10. Let f(r) = -2*r**3 - 3 - 3 - 6*r**2 - 3*r + r**3. Determine f(p).
12
Let z(a) = a**2 - 4*a - 4. Let n(d) = -4*d**2 + 17*d + 15. Let q(f) = 4*n(f) + 15*z(f). Determine q(8).
0
Let m(t) be the third derivative of -t**4/8 + t**3/6 - 51*t**2. Determine m(-11).
34
Let k(w) be the second derivative of w**4/12 - 5*w**3/6 - 3*w**2/2 - 5*w. Let c be (-1)/(252/(-35) + 7). Give k(c).
-3
Suppose 5*f = 4*k + 191 - 31, -4*f + 3*k + 127 = 0. Let s = f - 24. Suppose -6*y = -s*y + 16. Let i(p) = p**2 + 10*p + 12. What is i(y)?
-4
Let q be (2/(-4))/(5/60). Let p(w) = -w**2 - 9*w + 3. Let n be p(-9). Let s(o) = -n*o**2 + 0 - 8 - o + 7*o**2 + o**3 + 2*o**2. Determine s(q).
-2
Let r(i) = 2*i + 13. Let h(t) = -4*t - 16. Let y(z) = 2*h(z) + 3*r(z). What is y(-6)?
19
Let b(h) = -5*h + 20 - 36 - 5*h**2 + 13 - h**3 + 3*h. Let n be 58/